{"id":15,"date":"2016-12-03T20:05:59","date_gmt":"2016-12-03T20:05:59","guid":{"rendered":"http:\/\/soniamadrigal.com\/lamuertesaleporeloriente\/?page_id=15"},"modified":"2019-04-02T19:06:46","modified_gmt":"2019-04-02T19:06:46","slug":"inicio","status":"publish","type":"page","link":"https:\/\/soniamadrigal.com\/mapa\/","title":{"rendered":""},"content":{"rendered":"<p style=\"text-align: justify;\">Esta iniciativa es un esfuerzo por ubicar geogr\u00e1ficamente lugares donde han sido encontrados cuerpos de mujeres v\u00edctimas de feminicidio.<\/p>\n<p style=\"text-align: justify;\">Los <a href=\"http:\/\/soniamadrigal.com\/lamuertesaleporeloriente\/registrospropios\/\" target=\"_blank\" rel=\"noopener\">registros propios<\/a>\u00a0est\u00e1n basados en notas de prensa hallados en la web. Por otra parte, se han encontrado otras personas y\u00a0organizaciones que ya ten\u00edan un mapeo previo o posterior, cuyos datos estaban disponibles de manera abierta (online) y fue as\u00ed que se decidi\u00f3 incluir tambi\u00e9n estos datos, tal es el caso del proyecto <a href=\"http:\/\/www.ellastienennombre.org\/\"><em>Ellas tienen nombre<\/em><\/a>\u00a0(2015). Otro proyecto de mapeo ha sido creado a partir de La muerte sale por el oriente, se trata de\u00a0<a href=\"https:\/\/www.google.com\/maps\/d\/u\/0\/viewer?mid=1GJGbiCYkTZUS2ryoq3tCiW4txBs&amp;ll=-1.421683061887858%2C-78.91224145000001&amp;z=6\"><em>Violencia Feminicida Ecuador<\/em><\/a> del Colectivo Geograf\u00eda Cr\u00edtica (2016).<\/p>\n<p>Esta iniciativa es personal y no cuenta con ning\u00fan tipo de apoyo econ\u00f3mico. Se puede difundir la informaci\u00f3n citando la fuente.<\/p>\n<p style=\"text-align: justify;\">This initiative is an effort to locate geographically places where bodies of women victims of femicide have been found.<\/p>\n<p style=\"text-align: justify;\">The\u00a0<a href=\"http:\/\/soniamadrigal.com\/lamuertesaleporeloriente\/registrospropios\/\" target=\"_blank\" rel=\"noopener\">own records<\/a>\u00a0are based on press releases found on the web. On the other hand, other people and organizations that already had a previous or later mapping were found, whose data were available in an open way (online) and it was decided to include these data as well, such is the case of the project\u00a0<a href=\"http:\/\/www.ellastienennombre.org\/\"><em>Ellas tienen nombre<\/em><\/a>\u00a0(2015) by\u00a0Ivonne Ivonne Ram\u00edrez. Another mapping project has been created since Death comes from the east, it is\u00a0<a href=\"https:\/\/www.google.com\/maps\/d\/u\/0\/viewer?mid=1GJGbiCYkTZUS2ryoq3tCiW4txBs&amp;ll=-1.421683061887858%2C-78.91224145000001&amp;z=6\"><em>Violencia Feminicida Ecuador<\/em><\/a>\u00a0by Colectivo Geograf\u00eda Cr\u00edtica (2016).<\/p>\n<p>This initiative is personal and does not have any type of economic support. You can disseminate information by citing the source.<\/p>\n<p>&nbsp;<\/p>\n<p style=\"text-align: center;\"><strong>MAPA DE LOS REGISTROS PROPIOS<br \/>\nMAP OF OWN RECORDS<br \/>\n<\/strong><\/p>\n<p align=\"center\"><iframe loading=\"lazy\" src=\"https:\/\/www.google.com\/maps\/d\/embed?mid=1cOARpWlSYFHyoGgRLM3Hm5xvgjQ\" width=\"640\" height=\"480\"><\/iframe><\/p>\n<p style=\"text-align: center;\"><strong>MAPA EN DONDE SE ENCUENTRAN INTEGRADAS TODAS LAS FUENTES\u00a0Y LOS REGISTROS PROPIOS<br \/>\nMAP WHERE ALL THE SOURCES AND OWN RECORDS ARE INTEGRATED<br \/>\n<\/strong><\/p>\n<p align=\"center\"><iframe loading=\"lazy\" id=\"blockrandom\" class=\"wrapper\" style=\"width: 600px;\" src=\"http:\/\/soniamadrigal.com\/lamuertesaleporeloriente\/map1.html\" name=\"La muerte sale por el oriente\" width=\"600px\" height=\"400\" frameborder=\"0\" scrolling=\"auto\">Ning&amp;amp;amp;amp;uacute;n Iframe<\/iframe><\/p>\n","protected":false},"excerpt":{"rendered":"<p>Esta iniciativa es un esfuerzo por ubicar geogr\u00e1ficamente lugares donde han sido encontrados cuerpos de mujeres v\u00edctimas de feminicidio. Los registros propios\u00a0est\u00e1n basados en notas de prensa hallados en la web. Por otra parte, se han encontrado otras personas y\u00a0organizaciones que ya ten\u00edan un mapeo previo o posterior, cuyos datos estaban disponibles de manera abierta [&hellip;]<\/p>\n","protected":false},"author":2,"featured_media":0,"parent":0,"menu_order":0,"comment_status":"closed","ping_status":"closed","template":"","meta":{"footnotes":""},"class_list":["post-15","page","type-page","status-publish","hentry"],"_links":{"self":[{"href":"https:\/\/soniamadrigal.com\/mapa\/wp-json\/wp\/v2\/pages\/15","targetHints":{"allow":["GET"]}}],"collection":[{"href":"https:\/\/soniamadrigal.com\/mapa\/wp-json\/wp\/v2\/pages"}],"about":[{"href":"https:\/\/soniamadrigal.com\/mapa\/wp-json\/wp\/v2\/types\/page"}],"author":[{"embeddable":true,"href":"https:\/\/soniamadrigal.com\/mapa\/wp-json\/wp\/v2\/users\/2"}],"replies":[{"embeddable":true,"href":"https:\/\/soniamadrigal.com\/mapa\/wp-json\/wp\/v2\/comments?post=15"}],"version-history":[{"count":5,"href":"https:\/\/soniamadrigal.com\/mapa\/wp-json\/wp\/v2\/pages\/15\/revisions"}],"predecessor-version":[{"id":175,"href":"https:\/\/soniamadrigal.com\/mapa\/wp-json\/wp\/v2\/pages\/15\/revisions\/175"}],"wp:attachment":[{"href":"https:\/\/soniamadrigal.com\/mapa\/wp-json\/wp\/v2\/media?parent=15"}],"curies":[{"name":"wp","href":"https:\/\/api.w.org\/{rel}","templated":true}]}}